a multiple of 7?
False
Is 15834 a multiple of 91?
True
Is 110464 a multiple of 12?
False
Is 4 a factor of 2843?
False
Is 983 a multiple of 25?
False
Does 4 divide 1062?
False
Is 51000 a multiple of 98?
False
Is 16 a factor of 156?
False
Is 13 a factor of 19136?
True
Does 3 divide 217?
False
Is 16 a factor of 140?
False
Is 13870 a multiple of 146?
True
Is 42 a factor of 638?
False
Is 30 a factor of 876?
False
Is 10 a factor of 1210?
True
Is 8 a factor of 638?
False
Is 104 a factor of 832?
True
Does 4 divide 5427?
False
Is 880 a multiple of 20?
True
Is 1277 a multiple of 42?
False
Does 28 divide 30019?
False
Does 19 divide 90024?
False
Does 7 divide 553?
True
Is 60 a factor of 3660?
True
Does 25 divide 23337?
False
Does 21 divide 3716?
False
Does 19 divide 796?
False
Does 42 divide 34146?
True
Is 23 a factor of 1472?
True
Is 1148 a multiple of 26?
False
Is 10019 a multiple of 233?
True
Is 7095 a multiple of 33?
True
Does 43 divide 774?
True
Is 21 a factor of 987?
True
Is 837 a multiple of 21?
False
Is 4 a factor of 99?
False
Does 14 divide 3150?
True
Does 28 divide 1381?
False
Does 30 divide 300?
True
Is 42 a multiple of 7?
True
Does 2 divide 1836?
True
Is 20 a factor of 30180?
True
Is 7283 a multiple of 18?
False
Is 32 a factor of 13152?
True
Is 19 a factor of 55727?
True
Is 17 a factor of 1243?
False
Is 19 a factor of 1368?
True
Is 82 a factor of 9744?
False
Is 212 a multiple of 4?
True
Does 31 divide 124?
True
Is 6 a factor of 27531?
False
Does 12 divide 912?
True
Does 11 divide 219?
False
Does 64 divide 22016?
True
Does 4 divide 12086?
False
Is 1955 a multiple of 23?
True
Is 83 a factor of 83332?
True
Is 310 a multiple of 31?
True
Does 163 divide 58868?
False
Is 14 a factor of 397?
False
Is 1616 a multiple of 16?
True
Is 15349 a multiple of 42?
False
Is 20034 a multiple of 18?
True
Is 14 a factor of 91126?
True
Is 564 a multiple of 94?
True
Is 609 a multiple of 29?
True
Is 14 a factor of 429?
False
Is 23 a factor of 8588?
False
Is 11 a factor of 4136?
True
Is 256 a multiple of 16?
True
Is 1580 a multiple of 79?
True
Does 14 divide 737?
False
Is 7 a factor of 500?
False
Is 2800 a multiple of 25?
True
Is 357 a multiple of 7?
True
Does 4 divide 1164?
True
Is 8 a factor of 232?
True
Is 24 a factor of 12768?
True
Does 10 divide 490?
True
Is 110 a factor of 47885?
False
Is 3 a factor of 51?
True
Is 6191 a multiple of 142?
False
Does 25 divide 618?
False
Does 12 divide 384?
True
Is 8712 a multiple of 2?
True
Is 352 a multiple of 11?
True
Is 1881 a multiple of 71?
False
Is 46 a multiple of 14?
False
Is 28558 a multiple of 239?
False
Is 7714 a multiple of 58?
True
Does 3 divide 5846?
False
Is 3939 a multiple of 53?
False
Does 4 divide 1780?
True
Does 78 divide 17472?
True
Is 2291 a multiple of 29?
True
Is 54 a factor of 3756?
False
Is 39 a factor of 21099?
True
Is 447 a multiple of 4?
False
Is 2388 a multiple of 12?
True
Is 58 a factor of 2262?
True
Is 88 a factor of 5720?
True
Is 5304 a multiple of 12?
True
Is 49 a factor of 1403?
False
Is 3689 a multiple of 31?
True
Is 11651 a multiple of 2?
False
Is 56 a factor of 3687?
False
Is 12186 a multiple of 9?
True
Is 91 a factor of 4540?
False
Is 5 a factor of 2648?
False
Is 3 a factor of 305?
False
Does 37 divide 880?
False
Is 15791 a multiple of 7?
False
Is 870 a multiple of 58?
True
Does 16 divide 336?
True
Is 54 a factor of 418?
False
Does 45 divide 1088?
False
Is 16326 a multiple of 18?
True
Does 12 divide 421?
False
Does 11 divide 605?
True
Is 17 a factor of 197?
False
Is 72532 a multiple of 17?
False
Is 35 a multiple of 12?
False
Does 90 divide 2414?
False
Does 23 divide 229?
False
Is 6691 a multiple of 12?
False
Does 23 divide 18078?
True
Does 25 divide 43269?
False
Does 496 divide 149766?
False
Does 13 divide 61430?
False
Is 5 a factor of 7184?
False
Is 25461 a multiple of 123?
True
Is 5 a factor of 455?
True
Is 6231 a multiple of 67?
True
Is 41 a factor of 38089?
True
Is 7 a factor of 1030?
False
Is 9682 a multiple of 200?
False
Is 64 a factor of 10670?
False
Is 537 a multiple of 4?
False
Is 2022 a multiple of 6?
True
Is 108 even?
True
Is 98 a factor of 681?
False
Is 1127 a multiple of 13?
False
Is 12892 a multiple of 28?
False
Does 54 divide 12096?
True
Is 8 a factor of 25690?
False
Is 40136 a multiple of 15?
False
Is 72 a factor of 2219?
False
Does 4 divide 42?
False
Is 753 a multiple of 11?
False
Does 11 divide 16956?
False
Is 24 a factor of 1872?
True
Is 137 a factor of 16223?
False
Is 10686 a multiple of 4?
False
Is 526 a multiple of 20?
False
Is 45 a factor of 18765?
True
Is 42 a factor of 11121?
False
Does 10 divide 33740?
True
Is 206 a multiple of 7?
False
Is 20 a multiple of 7?
False
Is 5 a factor of 5967?
False
Is 2144 a multiple of 51?
False
Is 10 a factor of 29887?
False
Is 255 a multiple of 85?
True
Does 13 divide 366?
False
Is 2894 a multiple of 20?
False
Does 24 divide 7171?
False
Is 93 a factor of 18083?
False
Does 89 divide 178?
True
Is 1025 a multiple of 2?
False
Is 40905 a multiple of 5?
True
Does 45 divide 18990?
True
Is 78694 a multiple of 77?
True
Is 1551 a multiple of 2?
False
Does 64 divide 14309?
False
Is 7676 a multiple of 57?
False
Is 516 a multiple of 16?
False
Is 43 a factor of 3698?
True
Is 23 a factor of 782?
True
Is 21 a factor of 1493?
False
Does 8 divide 1035?
False
Does 18 divide 2162?
False
Is 1191 a multiple of 18?
False
Is 14 a factor of 766?
False
Is 4714 a multiple of 42?
False
Does 53 divide 12296?
True
Is 6 a factor of 17953?
False
Is 25572 a multiple of 23?
False
Is 18 a factor of 19982?
False
Does 12 divide 1908?
True
Does 17 divide 47744?
False
Is 14 a factor of 952?
True
Does 32 divide 1368?
False
Does 133 divide 25054?
False
Is 392 a multiple of 7?
True
Is 7 a factor of 1392?
False
Is 2840 a multiple of 8?
True
Is 104 a factor of 1664?
True
Does 19 divide 58?
False
Is 1805 a multiple of 41?
False
Is 69844 a multiple of 38?
True
Is 120 a factor of 120?
True
Is 133 a factor of 43869?
False
Is 330 a factor of 16830?
True
Does 40 divide 34046?
False
Is 86 a factor of 22544?
False
Is 48960 a multiple of 192?
True
Does 2 divide 4411?
False
Does 17 divide 714?
True
Is 40 a factor of 800?
True
Is 7446 a multiple of 102?
True
Does 19 divide 437?
True
Is 49 a factor of 34741?
True
Is 20171 a multiple of 23?
True
Does 4 divide 21564?
True
Does 163 divide 2282?
True
Is 16 a factor of 1945?
False
Is 82 a factor of 8774?
True
Is 15 a factor of 1005?
True
Is 15 a factor of 2955?
True
Is 14235 a multiple of 195?
True
Is 4 a factor of 120?
True
Is 27 a factor of 216?
True
Is 666 a multiple of 6?
True
Is 209 a factor of 143731?
False
Is 6 a factor of 61784?
False
Does 8 divide 167?
False
Does 13 divide 8192?
False
Is 81 a factor of 162?
True
Is 60 a factor of 11700?
True
Does 72 divide 66896?
False
Does 3 divide 112?
False
Does 41 divide 49549?
False
Is 2769 a multiple of 13?
True
Is 168 a multiple of 12?
True
Does 32 divide 108?
False
Is 5 a factor of 4133?
False
Is 45280 a multiple of 32?
True
Is 10 a factor of 293?
False
Is 789 a multiple of 13?
False
Does 69 divide 21200?
False
Is 32 a factor of 2582?
False
Does 50 divide 114919?
False
Is 24 a factor of 23213?
False
Is 94 a factor of 961?
False
Is 168 a multiple of 14?
True
Is 14606 a multiple of 58?
False
Is 1488 a multiple of 48?
True
Is 7 a factor of 4696?
False
Is 76732 a multiple of 94?
False
Does 62 divide 423?
False
Is 10973 a multiple of 175?
False
Does 13 divide 73853?
True
Is 8 a factor of 4333?
False
Does 25 divide 238?
False
Is 3156 a multiple of 12?
True
Is 20 a factor of 114380?
True
Does 35 divide 28590?
False
Is 154 a factor of 1848?
True
Is 13 a factor of 32813?
False
Is 4 a factor of 1440?
True
Does 177 divide 13629?
True
Is 1020 a multiple of 30?
True
Does 28 divide 49364?
True
Is 73 a factor of 146?
True
Does 26 divide 15032?
False
Is 3 a factor of 84?
True
Is 2 a factor of 765?
False
Does 59 divide 3422?
True
Is 56 a factor of 231?
False
Is 20 a factor of 97200?
True
Is 900 a multiple of 30?
True
Is 17228 a multiple of 118?
True
Does 10 divide 410?
True
Is 8 a factor of 1295?
False
Does 12 divide 1671?
False
Is 3476 a multiple of 11?
True
Is 2 a factor of 221?
False
Is 22 a factor of 1452?
True
Is 2161 a multiple of 52?
False
Is 84 a factor of 26040?
True
Is 69 a factor of 4830?
True
Is 